{"id":242,"date":"2015-11-03T16:10:51","date_gmt":"2015-11-03T14:10:51","guid":{"rendered":"https:\/\/tuncayilcim.av.tr\/v5\/?page_id=242"},"modified":"2019-07-09T16:16:54","modified_gmt":"2019-07-09T13:16:54","slug":"deniz-ticareti-hukuku","status":"publish","type":"page","link":"https:\/\/tuncayilcim.av.tr\/v5\/hizmetlerimiz\/deniz-ticareti-hukuku\/","title":{"rendered":"Deniz Ticareti Hukuku"},"content":{"rendered":"<p align=\"justify\">Tuncay \u0130l\u00e7im Avukatl\u0131k B\u00fcrosu olarak taraf\u0131m\u0131zdan deniz ticaretinden do\u011fan alacaklar\u0131n takipleri ve dava a\u015famalar\u0131, ihtiyati tedbir davalar\u0131, deniz ceza hukukundan kaynaklanan davalar, gemi siciline tescil, sicilden terkin, ipotek tesisi, gemi tutuklama ve tutuklu gemiyi kurtarma, rehin haklar\u0131n\u0131n tatbiki, y\u00fck\u00fcn hasar\u0131, ziya\u0131 ve kayb\u0131 hallerinin tespiti ve bunlara ili\u015fkin tazminat davalar\u0131 alanlar\u0131nda avukatl\u0131k hizmeti verilmektedir.<\/p>\n<p align=\"justify\">Ayr\u0131ca deniz ticareti s\u00f6zle\u015fmelerinin, \u00c7arter, K\u0131rkambar s\u00f6zle\u015fmelerinin, kaptan ve tayfa s\u00f6zle\u015fmelerinin, navlun s\u00f6zle\u015fmelerinin, gemi ve yat al\u0131m sat\u0131m ve in\u015fa s\u00f6zle\u015fmelerinin haz\u0131rlanmas\u0131 ve denetimi, g\u00fcmr\u00fck ve liman sorunlar\u0131n\u0131n \u00e7\u00f6z\u00fcm\u00fc, milletleraras\u0131 deniz hukukuna dair anla\u015fma ve protokollerin yorumlanmas\u0131, y\u00fckleme ve bo\u015faltma uygulamalar\u0131 alanlar\u0131nda hukuki dan\u0131\u015fmanl\u0131k hizmeti sunulmaktad\u0131r.<\/p>\n","protected":false},"excerpt":{"rendered":"<p>Tuncay \u0130l\u00e7im Avukatl\u0131k B\u00fcrosu olarak taraf\u0131m\u0131zdan deniz ticaretinden do\u011fan alacaklar\u0131n takipleri ve dava a\u015famalar\u0131, ihtiyati tedbir davalar\u0131, deniz ceza hukukundan kaynaklanan davalar, gemi siciline tescil, sicilden<span class=\"excerpt-hellip\"> [\u2026]<\/span><\/p>\n","protected":false},"author":1,"featured_media":0,"parent":202,"menu_order":0,"comment_status":"closed","ping_status":"closed","template":"","meta":{"_joinchat":[],"footnotes":""},"class_list":["post-242","page","type-page","status-publish","hentry"],"_links":{"self":[{"href":"https:\/\/tuncayilcim.av.tr\/v5\/wp-json\/wp\/v2\/pages\/242","targetHints":{"allow":["GET"]}}],"collection":[{"href":"https:\/\/tuncayilcim.av.tr\/v5\/wp-json\/wp\/v2\/pages"}],"about":[{"href":"https:\/\/tuncayilcim.av.tr\/v5\/wp-json\/wp\/v2\/types\/page"}],"author":[{"embeddable":true,"href":"https:\/\/tuncayilcim.av.tr\/v5\/wp-json\/wp\/v2\/users\/1"}],"replies":[{"embeddable":true,"href":"https:\/\/tuncayilcim.av.tr\/v5\/wp-json\/wp\/v2\/comments?post=242"}],"version-history":[{"count":0,"href":"https:\/\/tuncayilcim.av.tr\/v5\/wp-json\/wp\/v2\/pages\/242\/revisions"}],"up":[{"embeddable":true,"href":"https:\/\/tuncayilcim.av.tr\/v5\/wp-json\/wp\/v2\/pages\/202"}],"wp:attachment":[{"href":"https:\/\/tuncayilcim.av.tr\/v5\/wp-json\/wp\/v2\/media?parent=242"}],"curies":[{"name":"wp","href":"https:\/\/api.w.org\/{rel}","templated":true}]}}